and 133?
7
What is the highest common divisor of 126 and 5706?
18
Calculate the highest common factor of 10 and 75743.
1
What is the highest common divisor of 266 and 32376?
38
Calculate the greatest common divisor of 240 and 1176.
24
What is the greatest common factor of 226 and 27233?
113
Calculate the highest common divisor of 5797 and 18513.
187
What is the greatest common factor of 1442 and 11382?
14
Calculate the greatest common divisor of 46618 and 1144.
286
What is the greatest common divisor of 199876 and 2568?
428
What is the highest common factor of 702 and 150?
6
What is the highest common factor of 4539 and 2397?
51
What is the highest common divisor of 1489293 and 351?
351
Calculate the highest common factor of 598 and 9522.
46
What is the highest common divisor of 541698 and 24?
6
Calculate the highest common divisor of 1373020 and 18960.
1580
What is the greatest common divisor of 756266 and 98?
98
What is the greatest common divisor of 29816 and 144?
8
What is the highest common divisor of 2591 and 32?
1
Calculate the highest common factor of 195 and 26955.
15
Calculate the highest common factor of 74638 and 3082.
134
What is the highest common divisor of 78257 and 139?
139
What is the highest common factor of 161 and 140511?
7
What is the highest common divisor of 2853 and 2811156?
951
Calculate the highest common factor of 69909 and 63.
21
What is the highest common factor of 18877 and 387?
43
What is the greatest common divisor of 392 and 476084?
196
Calculate the highest common divisor of 455 and 8515.
65
What is the greatest common divisor of 29100 and 17266?
194
Calculate the greatest common factor of 103888 and 602.
86
What is the highest common factor of 360 and 20280?
120
What is the greatest common divisor of 104585 and 130329?
1609
Calculate the highest common factor of 93992 and 16.
8
Calculate the greatest common factor of 180 and 1470060.
180
Calculate the greatest common divisor of 109904 and 48.
16
What is the highest common divisor of 1672 and 4807?
209
Calculate the greatest common factor of 13369 and 116.
29
What is the highest common factor of 400 and 1825100?
100
What is the highest common factor of 2336 and 32?
32
What is the greatest common factor of 51 and 609059?
17
What is the greatest common factor of 78 and 215241?
39
What is the highest common divisor of 47 and 1371?
1
What is the greatest common factor of 1860 and 3540?
60
Calculate the greatest common divisor of 399 and 46113.
57
Calculate the highest common divisor of 1304933 and 49.
7
What is the highest common divisor of 39 and 1186809?
39
What is the greatest common divisor of 40 and 3980?
20
Calculate the greatest common divisor of 682 and 15598.
22
Calculate the greatest common divisor of 1409615 and 15.
5
What is the highest common factor of 2250 and 219500?
250
Calculate the highest common divisor of 56126 and 1862.
266
Calculate the greatest common divisor of 53895 and 210.
15
What is the greatest common divisor of 212 and 664514?
106
Calculate the highest common divisor of 540 and 13140.
180
What is the greatest common factor of 64326 and 213?
213
What is the greatest common divisor of 3445 and 3835?
65
What is the greatest common factor of 13540 and 860?
20
Calculate the highest common factor of 4040 and 74033.
101
What is the greatest common divisor of 568 and 1765912?
568
Calculate the highest common factor of 810 and 156.
6
What is the highest common factor of 3355 and 6161?
61
What is the greatest common divisor of 127922 and 2672?
334
What is the highest common factor of 40494 and 204?
102
Calculate the greatest common divisor of 6 and 314646.
6
Calculate the greatest common divisor of 1275 and 41025.
75
Calculate the greatest common factor of 10329836 and 11.
11
Calculate the highest common factor of 128 and 64736.
32
Calculate the highest common factor of 518 and 3570.
14
Calculate the highest common divisor of 24641 and 18409.
41
Calculate the greatest common divisor of 1026 and 2718.
18
What is the highest common factor of 6036229 and 1697?
1697
What is the greatest common factor of 45 and 45063?
9
What is the greatest common factor of 99988 and 68?
4
Calculate the highest common factor of 27640 and 360.
40
Calculate the greatest common factor of 6102 and 4104.
54
Calculate the highest common factor of 22596 and 1428.
84
What is the greatest common factor of 516 and 50439?
129
What is the greatest common divisor of 1528 and 25021?
191
What is the highest common divisor of 29 and 150481?
29
Calculate the greatest common factor of 19203 and 519.
519
What is the highest common divisor of 228076 and 76?
76
What is the highest common divisor of 7539 and 1443180?
1077
Calculate the highest common divisor of 1176095 and 290.
145
What is the greatest common divisor of 645 and 411?
3
Calculate the greatest common factor of 54 and 1306449.
27
Calculate the highest common divisor of 3077 and 171769.
181
What is the highest common divisor of 85008 and 105?
21
What is the highest common divisor of 20251 and 231?
77
Calculate the highest common divisor of 18113 and 1003.
59
Calculate the highest common factor of 77672 and 14728.
56
What is the greatest common divisor of 6230 and 34370?
70
Calculate the greatest common divisor of 9956 and 11020.
76
Calculate the greatest common factor of 3254596 and 83.
83
Calculate the greatest common factor of 3718 and 5148.
286
Calculate the highest common factor of 592 and 170792.
296
Calculate the greatest common divisor of 439890 and 10.
10
What is the greatest common factor of 84 and 156786?
42
What is the greatest common divisor of 79 and 147019?
79
Calculate the highest common divisor of 108 and 845370.
54
What is the greatest common factor of 70 and 9910?
10
Calculate the highest common factor of 1869 and 1804831.
623
Calculate the greatest common factor of 416 and 13416.
104
Calculate the greatest common factor of 156 and 109083.
39
Calculate the highest common divisor of 58372 and 6.
2
What is the greatest common factor of 3060 and 18513?
153
Calculate the highest common divisor of 93 and 649419.
93
Calculate the highest common divisor of 62952 and 7224.
1032
What is the greatest common divisor of 2100 and 6420?
60
Calculate the greatest common divisor of 260 and 282035.
65
What is the greatest common divisor of 77 and 290697?
11
Calculate the greatest common divisor of 76724 and 4.
4
Calculate the greatest common factor of 1475653 and 457.
457
Calculate the highest common divisor of 56720 and 1080.
40
What is the greatest common factor of 395252 and 572?
572
Calculate the highest common divisor of 40 and 42110.
10
What is the highest common factor of 54 and 44?
2
What is the greatest common factor of 255 and 84320?
85
Calculate the highest common factor of 230579 and 841.
29
What is the greatest common divisor of 64 and 768512?
64
What is the greatest common factor of 73040 and 20?
20
Calculate the greatest common divisor of 7480 and 10142.
22
What is the highest common factor of 17 and 347769?
17
Calculate the greatest common divisor of 216659 and 4495.
899
What is the greatest common divisor of 4188740 and 285?
95
Calculate the greatest common factor of 126 and 15008.
14
Calculate the highest common divisor of 248999 and 1552.
97
What is the greatest common factor of 1540 and 410?
10
Calculate the greatest common factor of 278 and 298.
2
What is the highest common factor of 1396 and 128?
4
Calculate the highest common factor of 14 and 199122.
14
Calculate the greatest common divisor of 7438 and 2.
2
Calculate the highest common factor of 2376549 and 102.
51
Calculate the greatest common divisor of 186333 and 133.
133
Calculate the greatest common divisor of 35350 and 2450.
350
Calculate the highest common factor of 54 and 8289.
27
Calculate the greatest common factor of 8835 and 969.
57
Calculate the highest common factor of 29657 and 235.
47
Calculate the highest common factor of 4641 and 15912.
663
What is the greatest common divisor of 267732 and 111?
111
Calculate the greatest common factor of 366 and 575230.
122
Calculate the greatest common factor of 62 and 126263.
31
What is the greatest common factor of 8036 and 1538320?
1148
Calculate the highest common divisor of 68735 and 1770.